tors of 23139710?
2, 5, 11, 210361
List the prime factors of 26963430.
2, 3, 5, 13, 47, 1471
List the prime factors of 8250944.
2, 13, 47, 211
What are the prime factors of 4479146?
2, 7, 37, 8647
List the prime factors of 650659.
31, 139, 151
List the prime factors of 815098.
2, 151, 2699
What are the prime factors of 5623786?
2, 7, 349, 1151
What are the prime factors of 206597?
206597
List the prime factors of 212132.
2, 181, 293
What are the prime factors of 7118103?
3, 19, 47, 2657
What are the prime factors of 6826491?
3, 7, 19, 1901
What are the prime factors of 20687323?
31, 667333
List the prime factors of 218013.
3, 72671
List the prime factors of 362453.
7, 13, 569
List the prime factors of 170407.
23, 31, 239
What are the prime factors of 2141055?
3, 5, 7, 971
List the prime factors of 2295558.
2, 3, 73, 1747
What are the prime factors of 11749676?
2, 19, 53, 2917
What are the prime factors of 1691471?
59, 28669
What are the prime factors of 925313?
23, 40231
List the prime factors of 31975.
5, 1279
What are the prime factors of 4145980?
2, 5, 23, 9013
List the prime factors of 564948.
2, 3, 5231
What are the prime factors of 247705?
5, 107, 463
What are the prime factors of 4573670?
2, 5, 457367
What are the prime factors of 146272?
2, 7, 653
List the prime factors of 2437571.
2437571
What are the prime factors of 101981?
11, 73, 127
What are the prime factors of 1196851?
17, 23, 3061
What are the prime factors of 10338994?
2, 5169497
What are the prime factors of 36611?
31, 1181
List the prime factors of 362407.
362407
List the prime factors of 32259.
3, 10753
List the prime factors of 64768.
2, 11, 23
List the prime factors of 13567228.
2, 41, 82727
List the prime factors of 6397691.
6397691
List the prime factors of 256083.
3, 85361
List the prime factors of 1478834.
2, 7, 73, 1447
What are the prime factors of 104316?
2, 3, 8693
List the prime factors of 575387.
37, 15551
List the prime factors of 184634.
2, 92317
List the prime factors of 91490.
2, 5, 7, 1307
List the prime factors of 579116.
2, 144779
What are the prime factors of 3583318?
2, 41, 89, 491
What are the prime factors of 909124?
2, 227281
List the prime factors of 410511.
3, 193, 709
List the prime factors of 1346499.
3, 7, 11, 29, 67
List the prime factors of 186753.
3, 7, 8893
List the prime factors of 2554757.
2554757
List the prime factors of 484419.
3, 13, 12421
What are the prime factors of 625380?
2, 3, 5, 7, 1489
List the prime factors of 93623.
251, 373
What are the prime factors of 3360888?
2, 3, 46679
What are the prime factors of 153127?
13, 11779
What are the prime factors of 2652009?
3, 884003
What are the prime factors of 2426299?
2426299
What are the prime factors of 273754?
2, 13, 10529
What are the prime factors of 1206280?
2, 5, 53, 569
List the prime factors of 598187.
598187
What are the prime factors of 2876353?
19, 47, 3221
What are the prime factors of 21541645?
5, 4308329
List the prime factors of 1569440.
2, 5, 17, 577
What are the prime factors of 87922?
2, 43961
List the prime factors of 33322.
2, 16661
List the prime factors of 171595.
5, 34319
List the prime factors of 3089142.
2, 3, 7, 24517
What are the prime factors of 296675?
5, 11867
What are the prime factors of 464858?
2, 41, 5669
List the prime factors of 1007023.
1007023
What are the prime factors of 120134?
2, 7, 8581
What are the prime factors of 2818227?
3, 137, 6857
List the prime factors of 7403318.
2, 13, 284743
List the prime factors of 2470649.
47, 52567
What are the prime factors of 579997?
11, 52727
List the prime factors of 402397.
349, 1153
What are the prime factors of 49084?
2, 7, 1753
List the prime factors of 1542388.
2, 385597
What are the prime factors of 1482178?
2, 61, 12149
What are the prime factors of 92877?
3, 83, 373
What are the prime factors of 184237?
29, 6353
List the prime factors of 1810838.
2, 73, 79, 157
List the prime factors of 11098279.
31, 61, 5869
List the prime factors of 21723.
3, 13, 557
List the prime factors of 15071879.
197, 76507
List the prime factors of 512659.
7, 73237
List the prime factors of 281284.
2, 70321
What are the prime factors of 8290744?
2, 7, 11, 43, 313
List the prime factors of 14686649.
14686649
List the prime factors of 247074.
2, 3, 41179
List the prime factors of 274492.
2, 163, 421
List the prime factors of 206500.
2, 5, 7, 59
List the prime factors of 267942.
2, 3, 44657
What are the prime factors of 729123?
3, 23, 10567
What are the prime factors of 15066823?
15066823
What are the prime factors of 730155?
3, 5, 48677
What are the prime factors of 1996094?
2, 71, 14057
What are the prime factors of 19048831?
19048831
List the prime factors of 7895.
5, 1579
What are the prime factors of 1244822?
2, 641, 971
List the prime factors of 4937227.
257, 19211
What are the prime factors of 79082?
2, 39541
What are the prime factors of 1567109?
1567109
What are the prime factors of 165981?
3, 61, 907
List the prime factors of 1009236.
2, 3, 31, 2713
List the prime factors of 597080.
2, 5, 11, 23, 59
What are the prime factors of 7058597?
7, 13, 1583
List the prime factors of 3536857.
463, 7639
List the prime factors of 7428981.
3, 7, 19, 43, 433
What are the prime factors of 113318?
2, 56659
List the prime factors of 1352678.
2, 676339
What are the prime factors of 3694630?
2, 5, 53, 6971
What are the prime factors of 5423300?
2, 5, 193, 281
List the prime factors of 542635.
5, 41, 2647
What are the prime factors of 688011?
3, 79, 2903
What are the prime factors of 4467007?
31, 103, 1399
List the prime factors of 228466.
2, 7, 16319
List the prime factors of 2012636.
2, 503159
List the prime factors of 29673922.
2, 14836961
What are the prime factors of 94887?
3, 13, 811
List the prime factors of 108962.
2, 7, 43, 181
List the prime factors of 1153922.
2, 7, 11, 59, 127
What are the prime factors of 206245?
5, 13, 19, 167
List the prime factors of 22243810.
2, 5, 151, 14731
List the prime factors of 2895944.
2, 361993
List the prime factors of 18214479.
3, 2023831
List the prime factors of 2030401.
509, 3989
What are the prime factors of 567741?
3, 97, 1951
What are the prime factors of 10648?
2, 11
List the prime factors of 14913500.
2, 5, 7, 4261
What are the prime factors of 215877?
3, 227, 317
List the prime factors of 891177.
3, 7, 42437
What are the prime factors of 207100?
2, 5, 19, 109
What are the prime factors of 58044?
2, 3, 7, 691
What are the prime factors of 37362?
2, 3, 13, 479
List the prime factors of 3917083.
101, 38783
What are the prime factors of 3862411?
7, 551773
What are the prime factors of 257661?
3, 3181
List the prime factors of 2228247.
3, 7, 113, 313
What are the prime factors of 633952?
2, 11, 1801
List the prime factors of 365727.
3, 121909
What are the prime factors of 810615?
3, 5, 13, 4157
What are the prime factors of 861178?
2, 430589
List the prime factors of 275912.
2, 7, 13, 379
List the prime factors of 47943.
3, 7, 761
List the prime factors of 3240481.
401, 8081
List the prime factors of 9340310.
2, 5, 7, 17, 47, 167
What are the prime factors of 13457936?
2, 37, 127, 179
What are the prime factors of 281427?
3, 93809
What are the prime factors of 1268951?
317, 4003
What are the prime factors of 311390?
2, 5, 31139
List the prime factors of 5919138.
2, 3, 499, 659
What are the prime factors of 1628149?
1628149
List the prime factors of 669245.
5, 137, 977
List the prime factors of 2162211.
3, 29, 857
List the prime factors of 1477323.
3, 164147
What are the prime factors of 17877223?
7, 13, 196453
List the prime factors of 281423.
281423
What are the prime factors of 6350712?
2, 3, 19, 733
List the prime factors of 7436158.
2, 223, 16673
What are the prime factors of 1584973?
13, 121921
What are the prime factors of 59241?
3, 7, 13, 31
List the prime factors of 24754932.
2, 3, 687637
List the prime factors of 4014646.
2, 47, 42709
What are the prime factors of 1829790?
2, 3, 5, 251
What are the prime factors of 1952567?
1952567
List the prime factors of 5842556.
2, 173, 8443
List the prime factors of 220997.
7, 131, 241
What are the prime factors of 5165983?
5165983
What are the prime factors of 14644443?
3, 11, 443771
List the prime factors of 7205.
5, 11, 131
List th